{"id":1911,"date":"2024-08-30T11:00:14","date_gmt":"2024-08-30T09:00:14","guid":{"rendered":"https:\/\/konyvtar-kvik.uni-bge.hu\/?page_id=1911"},"modified":"2024-08-30T11:00:15","modified_gmt":"2024-08-30T09:00:15","slug":"2000-2","status":"publish","type":"page","link":"https:\/\/konyvtar-kvik.uni-bge.hu\/en\/2000-2\/","title":{"rendered":"2000"},"content":{"rendered":"<h2 class=\"wp-block-heading has-text-align-center top-10\">2000\/1 sz\u00e1m tartalma<\/h2>\n\n\n\n<h3 class=\"wp-block-heading\">Oktat\u00e1s, hum\u00e1ner\u0151forr\u00e1s<\/h3>\n\n\n\n<p>* M\u00e9gis, kinek a szem\u00e9lyzete? (Szem\u00e9lyzeti k\u00e9rd\u00e9sek a sz\u00e1llodaiparban<br>* Hogyan mutatkoznak meg napjainkban az idegenforgalmi szakma \u00e9s a fels\u0151fok\u00fa oktat\u00e1s egy\u00fcttm\u0171k\u00f6d\u00e9s\u00e9nek el\u0151nyei az Egyes\u00fclt Kir\u00e1lys\u00e1gban?<\/p>\n\n\n\n<h3 class=\"wp-block-heading\">Marketing<\/h3>\n\n\n\n<p>* Desztin\u00e1ci\u00f3, marketing a j\u00f6v\u0151 sz\u00e1zadban<br>* Nemzeti Idegenforgalmi Szervezetek<br>* N\u00e9metorsz\u00e1g marketingje a N\u00e9met Turisztikai K\u00f6zpont &#8222;sz\u00e1rnyai alatt&#8221;<\/p>\n\n\n\n<h3 class=\"wp-block-heading\">Sz\u00e1lloda<\/h3>\n\n\n\n<p>* A v\u00e1ltoz\u00e1s \u00e9vtizede<\/p>\n\n\n\n<h3 class=\"wp-block-heading\">Utaztat\u00e1s &#8211; Turizmus<\/h3>\n\n\n\n<p>* Az alpesi termel\u00e9kenys\u00e9g sz\u00e9ls\u0151s\u00e9gesen k\u00fcl\u00f6nb\u00f6z\u0151<br>* A fels\u0151fok\u00fa v\u00e9gzetts\u00e9g\u0171ek utaz\u00e1si szok\u00e1sai<br>* A turizmus, mint foglalkoz\u00e1s-gener\u00e1tor<br>* Vend\u00e9gl\u00e1t\u00f3k \u00e9s turist\u00e1k. A turizmus\u00e9s a m\u00e1ss\u00e1g<br>* A nem kereskedelmi sz\u00e1ll\u00e1shelyek, az idegenforgalmi politika \u00e1ltal elhanyagolt szektor<\/p>\n\n\n\n<h3 class=\"wp-block-heading\">K\u00f6zleked\u00e9s<\/h3>\n\n\n\n<p>* Egy\u00fctt a forgalom megb\u00e9nul\u00e1sa ellen<br>* Alig van \u00fcres hely a rep\u00fcl\u0151g\u00e9peken<br>* Rep\u00fcl\u00e9s fekve<br>* Az eur\u00f3pai rep\u00fcl\u0151t\u00e9ri kiskereskedelem tipol\u00f3gi\u00e1ja<\/p>\n\n\n\n<h3 class=\"wp-block-heading\">K\u00f6nyvismertet\u00e9s<\/h3>\n\n\n\n<p>* A nemzetk\u00f6ti sz\u00e1lloda- \u00e9s vend\u00e9gl\u00e1t\u00f3ipar: vezet\u00e9s \u00e9s \u00fczemeltet\u00e9s<br>* V\u00e1rosi turizmusir\u00e1ny\u00edt\u00e1s<\/p>","protected":false},"excerpt":{"rendered":"<p>2000\/1 sz\u00e1m tartalma Oktat\u00e1s, hum\u00e1ner\u0151forr\u00e1s * M\u00e9gis, kinek a szem\u00e9lyzete? (Szem\u00e9lyzeti k\u00e9rd\u00e9sek a sz\u00e1llodaiparban* Hogyan mutatkoznak meg napjainkban az idegenforgalmi szakma \u00e9s a fels\u0151fok\u00fa oktat\u00e1s egy\u00fcttm\u0171k\u00f6d\u00e9s\u00e9nek el\u0151nyei az Egyes\u00fclt Kir\u00e1lys\u00e1gban? Marketing * Desztin\u00e1ci\u00f3, marketing a j\u00f6v\u0151 sz\u00e1zadban* Nemzeti Idegenforgalmi Szervezetek* N\u00e9metorsz\u00e1g marketingje a N\u00e9met Turisztikai K\u00f6zpont &#8222;sz\u00e1rnyai alatt&#8221; Sz\u00e1lloda * A v\u00e1ltoz\u00e1s \u00e9vtizede Utaztat\u00e1s &#8211; Turizmus * Az alpesi termel\u00e9kenys\u00e9g sz\u00e9ls\u0151s\u00e9gesen k\u00fcl\u00f6nb\u00f6z\u0151* A fels\u0151fok\u00fa v\u00e9gzetts\u00e9g\u0171ek utaz\u00e1si szok\u00e1sai* A turizmus, mint foglalkoz\u00e1s-gener\u00e1tor* Vend\u00e9gl\u00e1t\u00f3k \u00e9s turist\u00e1k. A turizmus\u00e9s a m\u00e1ss\u00e1g* A nem kereskedelmi sz\u00e1ll\u00e1shelyek, az idegenforgalmi politika&hellip;<\/p>","protected":false},"author":1,"featured_media":0,"parent":0,"menu_order":0,"comment_status":"closed","ping_status":"closed","template":"","meta":{"_uag_custom_page_level_css":"","footnotes":""},"class_list":["post-1911","page","type-page","status-publish","hentry"],"uagb_featured_image_src":{"full":false,"thumbnail":false,"medium":false,"medium_large":false,"large":false,"news_plugin_small":false,"tf-client-image-size":false,"1536x1536":false,"2048x2048":false,"trp-custom-language-flag":false,"post-thumbnail":false,"idolcorp-full-width":false,"idolcorp-ourfeatures-thumb":false,"idolcorp-mediumblog-thumb":false},"uagb_author_info":{"display_name":"admin","author_link":"https:\/\/konyvtar-kvik.uni-bge.hu\/en\/author\/admin\/"},"uagb_comment_info":0,"uagb_excerpt":"2000\/1 sz\u00e1m tartalma Oktat\u00e1s, hum\u00e1ner\u0151forr\u00e1s * M\u00e9gis, kinek a szem\u00e9lyzete? (Szem\u00e9lyzeti k\u00e9rd\u00e9sek a sz\u00e1llodaiparban* Hogyan mutatkoznak meg napjainkban az idegenforgalmi szakma \u00e9s a fels\u0151fok\u00fa oktat\u00e1s egy\u00fcttm\u0171k\u00f6d\u00e9s\u00e9nek el\u0151nyei az Egyes\u00fclt Kir\u00e1lys\u00e1gban? Marketing * Desztin\u00e1ci\u00f3, marketing a j\u00f6v\u0151 sz\u00e1zadban* Nemzeti Idegenforgalmi Szervezetek* N\u00e9metorsz\u00e1g marketingje a N\u00e9met Turisztikai K\u00f6zpont &#8222;sz\u00e1rnyai alatt&#8221; Sz\u00e1lloda * A v\u00e1ltoz\u00e1s \u00e9vtizede Utaztat\u00e1s &#8211;&hellip;","_links":{"self":[{"href":"https:\/\/konyvtar-kvik.uni-bge.hu\/en\/wp-json\/wp\/v2\/pages\/1911","targetHints":{"allow":["GET"]}}],"collection":[{"href":"https:\/\/konyvtar-kvik.uni-bge.hu\/en\/wp-json\/wp\/v2\/pages"}],"about":[{"href":"https:\/\/konyvtar-kvik.uni-bge.hu\/en\/wp-json\/wp\/v2\/types\/page"}],"author":[{"embeddable":true,"href":"https:\/\/konyvtar-kvik.uni-bge.hu\/en\/wp-json\/wp\/v2\/users\/1"}],"replies":[{"embeddable":true,"href":"https:\/\/konyvtar-kvik.uni-bge.hu\/en\/wp-json\/wp\/v2\/comments?post=1911"}],"version-history":[{"count":1,"href":"https:\/\/konyvtar-kvik.uni-bge.hu\/en\/wp-json\/wp\/v2\/pages\/1911\/revisions"}],"predecessor-version":[{"id":1912,"href":"https:\/\/konyvtar-kvik.uni-bge.hu\/en\/wp-json\/wp\/v2\/pages\/1911\/revisions\/1912"}],"wp:attachment":[{"href":"https:\/\/konyvtar-kvik.uni-bge.hu\/en\/wp-json\/wp\/v2\/media?parent=1911"}],"curies":[{"name":"wp","href":"https:\/\/api.w.org\/{rel}","templated":true}]}}

<h2 class="wp-block-heading has-text-align-center top-10">2000/1 szám tartalma</h2>



<h3 class="wp-block-heading">Oktatás, humánerőforrás</h3>



<p>* Mégis, kinek a személyzete? (Személyzeti kérdések a szállodaiparban<br>* Hogyan mutatkoznak meg napjainkban az idegenforgalmi szakma és a felsőfokú oktatás együttműködésének előnyei az Egyesült Királyságban?</p>



<h3 class="wp-block-heading">Marketing</h3>



<p>* Desztináció, marketing a jövő században<br>* Nemzeti Idegenforgalmi Szervezetek<br>* Németország marketingje a Német Turisztikai Központ &#8222;szárnyai alatt&#8221;</p>



<h3 class="wp-block-heading">Szálloda</h3>



<p>* A változás évtizede</p>



<h3 class="wp-block-heading">Utaztatás &#8211; Turizmus</h3>



<p>* Az alpesi termelékenység szélsőségesen különböző<br>* A felsőfokú végzettségűek utazási szokásai<br>* A turizmus, mint foglalkozás-generátor<br>* Vendéglátók és turisták. A turizmusés a másság<br>* A nem kereskedelmi szálláshelyek, az idegenforgalmi politika által elhanyagolt szektor</p>



<h3 class="wp-block-heading">Közlekedés</h3>



<p>* Együtt a forgalom megbénulása ellen<br>* Alig van üres hely a repülőgépeken<br>* Repülés fekve<br>* Az európai repülőtéri kiskereskedelem tipológiája</p>



<h3 class="wp-block-heading">Könyvismertetés</h3>



<p>* A nemzetköti szálloda- és vendéglátóipar: vezetés és üzemeltetés<br>* Városi turizmusirányítás</p>

<p>2000/1 szám tartalma Oktatás, humánerőforrás * Mégis, kinek a személyzete? (Személyzeti kérdések a szállodaiparban* Hogyan mutatkoznak meg napjainkban az idegenforgalmi szakma és a felsőfokú oktatás együttműködésének előnyei az Egyesült Királyságban? Marketing * Desztináció, marketing a jövő században* Nemzeti Idegenforgalmi Szervezetek* Németország marketingje a Német Turisztikai Központ &#8222;szárnyai alatt&#8221; Szálloda * A változás évtizede Utaztatás &#8211; Turizmus * Az alpesi termelékenység szélsőségesen különböző* A felsőfokú végzettségűek utazási szokásai* A turizmus, mint foglalkozás-generátor* Vendéglátók és turisták. A turizmusés a másság* A nem kereskedelmi szálláshelyek, az idegenforgalmi politika&hellip;</p>

2000/1 szám tartalma Oktatás, humánerőforrás * Mégis, kinek a személyzete? (Személyzeti kérdések a szállodaiparban* Hogyan mutatkoznak meg napjainkban az idegenforgalmi szakma és a felsőfokú oktatás együttműködésének előnyei az Egyesült Királyságban? Marketing * Desztináció, marketing a jövő században* Nemzeti Idegenforgalmi Szervezetek* Németország marketingje a Német Turisztikai Központ &#8222;szárnyai alatt&#8221; Szálloda * A változás évtizede Utaztatás &#8211;&hellip;
